 derivative of m(g). What is the tens digit of v(-5)?
1
Let z(q) = 1 + 2 + 3 + q. Let c be z(-5). Suppose 3 = x + c. What is the units digit of x?
2
Suppose -4*b - 109 = -5*b - 5*v, 0 = -5*b - v + 665. What is the units digit of b?
4
Suppose -307 = 2*d - 7*d - 2*a, -3*d + a + 193 = 0. What is the tens digit of d?
6
Let h = 45 + -29. Let a = h + -11. What is the units digit of a?
5
Let c(p) = -2*p**3 + p. Let j(s) = -s**2 + 2. Let n be j(2). What is the tens digit of c(n)?
1
Suppose -10 = 5*w - 5. What is the units digit of w + -1 - (-14 + 6)?
6
Let h be 42/(-4) - (-6)/(-4). What is the units digit of (-1 + -17)*4/h?
6
Let k(r) = 2*r**2 + 4*r + 2. Let u be k(-2). Suppose 0 = l + u*l - 18. What is the units digit of l?
6
Suppose 5*i = i - 16. Let z(q) = q**2 + 3*q + 6. Let m be z(i). Suppose -9 = -b + m. What is the tens digit of b?
1
Suppose 4*z - 3*z = -6. Let a = -7 - z. What is the units digit of -3*(-2)/((-1)/a)?
6
Let r = 8 + -12. Let l = 17 - r. What is the units digit of l?
1
What is the hundreds digit of (-837 + 0)*(-3)/(-9)*-1?
2
Let c(t) = 3*t**3 - 3*t**2 - 2*t + 4. What is the units digit of c(3)?
2
Suppose 2*c = -4*c + 24. What is the units digit of c?
4
Let x(d) = 17*d - 17. What is the tens digit of x(6)?
8
Let s(i) = -i**2 - 7*i - 2. Let h be s(-5). Let o be (0 - -1)*(2 + -4). What is the units digit of o/h + 105/20?
5
Suppose 5*i = -5*l + 10, -l + 8 = i + 2*l. Let v(g) = -2*g - 8. Let z be v(-7). What is the units digit of (9 + i)/(z/9)?
2
Let g = -3 - -6. Let v(d) = d**3 - 4*d**2 + 5*d - 4. What is the units digit of v(g)?
2
Suppose -b = 4*b + 15. Suppose l - 3*l = 2. Let n = l - b. What is the units digit of n?
2
Suppose 4*o + 10 + 70 = 0. Let v = 3 - -31. Let y = o + v. What is the units digit of y?
4
Let m(k) = -22*k - 7. What is the units digit of m(-5)?
3
Let x(t) = t**3 + 18*t**2 + 9*t - 20. What is the units digit of x(-17)?
6
Suppose 0 = -u - 4 - 1. Let d = u + 5. Let q = d - -2. What is the units digit of q?
2
What is the tens digit of (-18)/45 - 996/(-15)?
6
Suppose -4*g + 8 + 8 = 0. Suppose 2*h = -4*z + 16, 5*h - 8 = -g*z + 20. What is the units digit of h?
4
Suppose -5*o + 30 = 2*d, 3*o + 32 = 4*d + 6*o. Suppose -r - 5*c + 63 = 0, 5*c - 4*c - 219 = -d*r. What is the tens digit of r?
4
Suppose 0 = i - 0*i + 3. What is the tens digit of 4/i*21/(-2)?
1
Let r(u) = -u - 1. Let s(j) = -7*j - 3. Let q(a) = -6*r(a) + s(a). Let i = -1 - -1. What is the units digit of q(i)?
3
Let o(u) = u**2 - 2. Let x be o(-2). Let k be (-2 - -2)*(x - 1). Let r = 1 - k. What is the units digit of r?
1
Let l(x) = 2*x - 6. Suppose 4*c + 86 = 234. Suppose -4*s - 5*q - 9 = 0, 2*s - c = -s + 5*q. What is the units digit of l(s)?
2
Let h be 0 + 0 - (-16)/4. Suppose a + 36 = h*a. What is the units digit of a?
2
Let u = -2 + 2. Let i(c) = -4*c - 9. Let g be i(-6). Let l = g - u. What is the units digit of l?
5
Suppose -3*o + 258 = 2*x, 4*x - 344 = -4*o - x. What is the units digit of o?
6
Suppose -2*w + 4 = x + 2, w = -3*x + 11. Let c be (4/5)/(w/(-5)). Suppose -5*g = 4*b - 46, g + c*b - 25 + 3 = 0. What is the units digit of g?
6
Let b(g) = g**3 - 6*g**2 + 5*g. Let j be b(5). Suppose -5 = -5*i - j. What is the units digit of i?
1
Suppose v - 5 = -0*s + 5*s, 0 = 2*v + 5*s - 85. What is the tens digit of v?
3
Let p be ((-9)/2)/(9/84). Let d = -23 - p. What is the tens digit of d?
1
Let m = -7 + 9. What is the units digit of (-372)/18*(-3)/m?
1
Let q be (-1)/((-2)/(-10)) + -1. Let m(x) = -9*x - 8. Let h be m(q). Suppose -2*u = 3*g - 4*u - 28, -5*g = -3*u - h. What is the units digit of g?
8
Let g(y) = 4*y**3 + y**2 - 5*y + 8. What is the hundreds digit of g(3)?
1
What is the units digit of (-14)/(-1)*35/14?
5
Let x = 31 + -47. Suppose -3*y = y - 100. Let h = x + y. What is the units digit of h?
9
Suppose j = 3*w - 2*w + 5, -4*j + 5 = -w. What is the units digit of (j + 1)*12/1?
2
Let z be (-2)/5 + (-6)/(-15). Let f(u) be the first derivative of -u**2/2 + u - 3. What is the units digit of f(z)?
1
Suppose 3*q = 2*z + 20, -q + 9 = -5*z + 2*z. Let f(s) = 2*s - 5. What is the units digit of f(q)?
7
Let m(i) = i**3 + 3*i**2 - 5*i - 2. Let l be m(-4). Suppose -l*t - 4 - 6 = 0. Let j = 3 - t. What is the units digit of j?
8
Let g(t) = t**3 - 10*t**2 - t + 8. Let b be g(10). What is the tens digit of 517/44 - b/8?
1
Suppose -63*x = -69*x + 774. What is the tens digit of x?
2
Suppose 2*t - 10 = -2*x, 2*x - 3*x = -2*t + 19. Suppose -t = -4*l - 0. Suppose -l*z - z = -6. What is the units digit of z?
2
Suppose 0 = -16*a + 15*a + 13. What is the units digit of a?
3
Let b be (-3 - -3) + 2/1. Suppose k = -2*v + 4*v - 33, 0 = -v - b*k + 19. Suppose -v - 5 = -2*l - 5*m, -22 = -2*l + 5*m. What is the tens digit of l?
1
Let g(f) = 2*f**3 + 2*f**2 - 2*f + 1. Let t be g(1). Suppose 0 = 3*j - 6 + t. What is the units digit of j?
1
Let g(o) = o**3 - 20*o**2 + 3*o - 15. What is the units digit of g(20)?
5
Suppose 4*z - 8 = -0*z. Suppose 4*l - z - 6 = 0. Suppose 4*i = 3*i + l. What is the units digit of i?
2
Let d(v) = -5*v**2 - 5*v + 3. Let q(p) = -11*p**2 - 9*p + 5. Let t(i) = -9*d(i) + 4*q(i). What is the units digit of t(-10)?
3
What is the units digit of 4/26 + 2320/130?
8
Suppose -y - 1 = 20. Let t = y + 14. Let u(h) = -h**2 - 8*h - 5. What is the units digit of u(t)?
2
Let d(u) = -27*u. What is the units digit of d(-4)?
8
Let n = -1 - 0. What is the tens digit of (n - -1 - 4) + 49?
4
Let p = 5 + -52. Let n = p + 67. What is the tens digit of n?
2
Let i be (0 - 1) + 6*1. Let z = i - 4. What is the units digit of z?
1
Let d = 45 - -11. What is the units digit of d?
6
What is the tens digit of 70/(-49)*(-2 - 5)?
1
Suppose 16 = 2*p + 2*k, k = 3*k - 10. Suppose 2*i = -5*l + 6*i + 48, 26 = 2*l - 5*i. Suppose 0 = p*f - 4*f + l. What is the units digit of f?
8
Suppose x - 6*x - 236 = -4*h, -x = -4*h + 236. What is the units digit of h?
9
Suppose -2*t = -4*n - 70, -4*t + 5*t + 61 = -4*n. What is the units digit of (8/(-6))/(n/408)?
4
Let o(m) = 3*m**2 + 9*m - 4. Suppose 4*l - 3*l = -3. Let j(c) = 2*c**2 + 5*c - 2. Let w(i) = l*o(i) + 5*j(i). What is the units digit of w(2)?
2
Suppose u = 47 + 11. What is the units digit of u?
8
Suppose 0 = 2*d - 5*t + 1 - 32, 5*d = -5*t - 10. Suppose -66 = -d*r + 3. Let w = r + -13. What is the tens digit of w?
1
Let b(w) = -4*w**3 - 2*w**2 - w - 4. What is the units digit of b(-2)?
2
Let s = -27 + 302. What is the hundreds digit of s?
2
Let n be (-48)/9 + (-4)/6. Let a = 9 + n. Suppose c - 6 = -5*h, a*h - h + 1 = 3*c. What is the units digit of c?
1
Let o(x) be the second derivative of x**4/6 + 7*x**3/6 + 5*x**2 + 3*x. What is the units digit of o(-5)?
5
Suppose 0 = 4*p - 28 - 12. Let b be (-61)/7 + p/(-35). Let g = b - -23. What is the units digit of g?
4
Suppose -2*i + 4*a = -18, 3*a = 2*a - 3. Suppose 5*c + i*k - 77 = 0, -3*c - 45 = -6*c - 3*k. What is the tens digit of c?
1
Let s(f) = -f + 10. Suppose -4*w - 9 = -2*y - 1, 3*y + 3*w + 6 = 0. What is the tens digit of s(y)?
1
Let y be 5*(3 - 0 - 0). Suppose 9 = -3*d - 9. Let z = d + y. What is the units digit of z?
9
Let p be 0 + 3 - (-2)/(-2). Suppose -o = p*o. Suppose o = 2*s - 2 - 12. What is the units digit of s?
7
Suppose -3*m + 3*f = 36, -4*m + 5*f - 54 = 3*f. Suppose 40 = -4*z - 2*j, 4*j = 2*j. Let o = z - m. What is the units digit of o?
5
Suppose 4*q + 6 = -g, 0*g - q = g + 3. Let w = g + 4. Suppose -2*j = 3*d + 13, -w*j - 2*d = -3*d - 7. What is the units digit of j?
1
Suppose -259 + 847 = 7*u. What is the tens digit of u?
8
Suppose 1003 = 3*l - r, -2*r + 1344 = -3*l + 7*l. What is the tens digit of l?
3
Suppose 5*v + 2*d - 170 = 7*d, 4*v - 2*d = 128. What is the tens digit of 40/v*(-90)/(-4)?
3
Suppose 5*u - 5*r = 800, -2*r - 485 = -4*u + 159. What is the units digit of u?
2
Suppose 4*i + 6*p - 11 = 3*p, i + 2*p - 4 = 0. Let u(f) = -2*f + 1 + 1 + 0*f**i + 2 + f**2. What is the units digit of u(3)?
7
Let a = 12 - 9. Let k = 24 + a. What is the tens digit of k?
2
Suppose -5*p - n - 85 = -542, -3*n = 9. What is the units digit of p?
2
Suppose 2*j + 4 = 8. Let t(c) = 1 + 1 + c**3 + 12*c**j - 2*c**2 + c**2 + 10*c. What is the units digit of t(-10)?
2
What is the units digit of 366/12 - (-2)/4?
1
Let l be 72/7 - (-8)/(-28). Let i be (-65)/(-7) + l/(-35). Suppose -k = 2*k - i. What i